hat is 1 - 12?
-11
In base 2, what is -11001 - 1?
-11010
In base 6, what is 223 + 5?
232
In base 6, what is 5 + 31?
40
In base 2, what is -1101 - -1001010?
111101
In base 9, what is 17 + 56?
74
In base 13, what is -13 + -466?
-479
In base 6, what is -11 - -25424?
25413
In base 3, what is -12 - 20001?
-20020
In base 13, what is 0 + -87?
-87
In base 10, what is 1 + -82?
-81
In base 10, what is 3197 + 5?
3202
In base 3, what is -10 - -20202?
20122
In base 9, what is -5 - 52?
-57
In base 2, what is 11100101 - 1?
11100100
In base 9, what is -1 + 3533?
3532
In base 10, what is 5 - -56?
61
In base 7, what is -5 + 42?
34
In base 7, what is -245 - 6?
-254
In base 14, what is -53d - 2?
-541
In base 12, what is -35 - 1?
-36
In base 9, what is 0 - -217?
217
In base 8, what is -42073 + 2?
-42071
In base 14, what is 9a0 + 0?
9a0
In base 16, what is -39 + -26?
-5f
In base 2, what is -1 + -11010010?
-11010011
In base 11, what is -8 + -3?
-10
In base 12, what is -4 + a?
6
In base 11, what is 12 - -22?
34
In base 8, what is 4 + -235?
-231
In base 11, what is -153 + 15?
-139
In base 3, what is -2011110 - 10?
-2011120
In base 8, what is 5 + 15226?
15233
In base 4, what is -10 + -2320?
-2330
In base 8, what is -10051 - 1?
-10052
In base 16, what is 65 - 1?
64
In base 2, what is -100000001 - 1?
-100000010
In base 7, what is -1 - -4?
3
In base 10, what is 59 - 111?
-52
In base 3, what is -10022101 + -2?
-10022110
In base 10, what is -3 + 299?
296
In base 16, what is -21e8 + 5?
-21e3
In base 8, what is -150 - 127?
-277
In base 14, what is 10 - -236?
246
In base 7, what is -16253 - -2?
-16251
In base 13, what is 15 + 1?
16
In base 3, what is -2 + 10100?
10021
In base 11, what is 192 - 2?
190
In base 7, what is 1 + -112?
-111
In base 2, what is 101 - 110110?
-110001
In base 15, what is -1a4 + -1?
-1a5
In base 4, what is 11131 + -2?
11123
In base 13, what is -3 + 1b?
18
In base 12, what is -5 - b?
-14
In base 3, what is 1011 - 101020?
-100002
In base 13, what is 1 + -216?
-215
In base 15, what is 0 + -613?
-613
In base 15, what is 235 + 0?
235
In base 11, what is 1197 + 1?
1198
In base 7, what is 526 - -106?
635
In base 4, what is 3 - -12120?
12123
In base 15, what is 31 + 12e?
160
In base 9, what is -5 - 2?
-7
In base 8, what is 17 - 17?
0
In base 10, what is 95 + 1?
96
In base 6, what is -500 + -22?
-522
In base 14, what is -dca + 3?
-dc7
In base 10, what is 21 - 4?
17
In base 2, what is -101000101 + 0?
-101000101
In base 16, what is -87 - -1?
-86
In base 12, what is 1 - 82?
-81
In base 5, what is 40 - 2?
33
In base 12, what is 1 - -b6?
b7
In base 3, what is 2 + -101211020?
-101211011
In base 12, what is 57 - -1?
58
In base 7, what is -1 + -214?
-215
In base 7, what is -10 - -6432?
6422
In base 2, what is -11 + -1101?
-10000
In base 13, what is -76 - 1?
-77
In base 5, what is 21 - -23?
44
In base 10, what is 111 - 6?
105
In base 14, what is -1ca + 30?
-19a
In base 12, what is -b - 3?
-12
In base 16, what is 2 - -369?
36b
In base 6, what is -1410 - -1?
-1405
In base 16, what is 14f2 + -5?
14ed
In base 15, what is 21 - 4?
1c
In base 15, what is -2b1 + 3?
-2ad
In base 15, what is -4 + 2e?
2a
In base 12, what is -2 - 108?
-10a
In base 8, what is -17 - -32?
13
In base 6, what is -24141 - -4?
-24133
In base 8, what is 11 - 364?
-353
In base 10, what is -1070 - 0?
-1070
In base 5, what is -2 + 402?
400
In base 16, what is 4 + -8f?
-8b
In base 3, what is 1020000 - -1?
1020001
In base 4, what is 3 - -303?
312
In base 6, what is 4 + 12031?
12035
In base 7, what is 15 + -10?
5
In base 12, what is -138 + -4?
-140
In base 4, what is 10 + 313012?
313022
In base 3, what is 201 + -2101?
-1200
In base 14, what is 1d1 - 6?
1c9
In base 12, what is -3 + -2a?
-31
In base 5, what is -13 - -24?
11
In base 11, what is -4 - -8?
4
In base 7, what is 1 + 100?
101
In base 14, what is 4 - -4b0?
4b4
In base 2, what is 101 + -100111010101?
-100111010000
In base 2, what is -1000110110110 - 0?
-1000110110110
In base 3, what is 102110 + 10?
102120
In base 11, what is 644 - 0?
644
In base 15, what is -2d8 + 3?
-2d5
In base 7, what is 2144 + -4?
2140
In base 2, what is 1010 - 1000010101?
-1000001011
In base 9, what is -23 + -1?
-24
In base 12, what is 0 - -480?
480
In base 16, what is -1 - f?
-10
In base 10, what is 155 + 0?
155
In base 3, what is 2011000 + -11?
2010212
In base 3, what is -20111 + 1?
-20110
In base 11, what is -2a + 0?
-2a
In base 7, what is 12 + 6?
21
In base 5, what is 2 + 223?
230
In base 6, what is 22 - 4?
14
In base 4, what is 132 - -1130?
1322
In base 12, what is -1a7 + 3?
-1a4
In base 13, what is 295 - 3?
292
In base 7, what is 53 - -4?
60
In base 3, what is -10010 - -10?
-10000
In base 4, what is 1 + 311121?
311122
In base 5, what is -1 + -31240?
-31241
In base 13, what is -3 + -94?
-97
In base 9, what is -4536 - -3?
-4533
In base 4, what is 12 + 2?
20
In base 5, what is 3213 + 24?
3242
In base 7, what is 0 - -24?
24
In base 4, what is -100 - 1332?
-2032
In base 15, what is 26 + -16?
10
In base 8, what is -7 + -102?
-111
In base 13, what is -223 - 4?
-227
In base 14, what is 2d4 - -3?
2d7
In base 11, what is 2 - 228?
-226
In base 5, what is -321 - 1?
-322
In base 7, what is 4 - 6645?
-6641
In base 6, what is -10212 - 3?
-10215
In base 9, what is -1 - -254?
253
In base 10, what is -4 - 682?
-686
In base 12, what is -681 + -4?
-685
In base 5, what is 21 + -10230?
-10204
In base 14, what is 16b - 7?
164
In base 15, what is -a - -34?
29
In base 10, what is 617 - 5?
612
In base 13, what is -10 + -1?
-11
In base 14, what is -3b71 + 5?
-3b6a
In base 15, what is 0 - 5?
-5
In base 12, what is -3 + -1b?
-22
In base 2, what is -1101000 - -100110?
-1000010
In base 6, what is -20233 + -4?
-20241
In base 7, what is 1 + -4?
-3
In base 2, what is -10011000000 - -110?
-10010111010
In base 10, what is 6 + 1525?
1531
In base 13, what is 79 + 74?
120
In base 2, what is -1110000100110 + -100?
-1110000101010
In base 5, what is 204 - 112?
42
In base 8, what is -7016 - 2?
-7020
In base 14, what is 4 - -45?
49
In base 16, what is -2d + 2?
-2b
In base 4, what is 113 - -1010?
1123
In base 7, what is -5 - -4304?
4266
In base 15, what is -3 + 248?
245
In base 4, what is 3331 - -2?
3333
In base 6, what is -205 - -114?
-51
In base 13, what is -5 - -16?
11
In base 11, what is 5 + 83?
88
In base 12, what is -5 - 18?
-21
In base 15, what is -2e + -aa?
-d9
In base 14, what is -4a + -4?
-50
In base 15, what is -24 - 11a?
-13e
In base 13, what is -14b + -2?
-150
In base 5, what is -1 - 3212?
-3213
In base 16, what is 2 + 4a0?
4a2
In base 2, what is -110 + -11010?
-100000
In base 10, what is 408 - -3?
411
In base 14, what is 29 + 3?
2c
In base 7, what is 45 + -6?
36
In base 11, what is 124 + -4?
120
In base 11, what is 23 - -8?
30
In base 6, what is -10 + 142?
132
In base 11, what is 3222 + -4?
3219
In base 10, what is 830 - 1?
829
In base 10, what is 4 - 46?
-42
In base 9, what is 2 + 14?
16
In base 2, what is -111111110001 - -100?
-111111101101
In base 16, what is 11 - 18?
-7
In base 11, what is 57 - -4?
60
In base 6, what is -55151 - -3?
-55144
In base 10, what is 5 - 1946?
-1941
In base 15, what is -16 - -12?
-4
In base 10, what is 2 + 60?
62
In base 5, what is -121 - 2?
-123
In base 9, what is 42 + 171?
223
In base 13, what is 13 - 6?
a
In base 9, what is -28 + 24?
-4
In base 6, what is 5 + -124?
-115
In base 5, what is 421 + 2?
423
In base 14, what is 3b8 - -4?
3bc
In base 12, what is -5 - -89b?
896
In base 2, what is -101000100 - -10011?
-100110001
In base 3, what is 1000111 + 11?
1000122
In base 5, what is 3300 + -2?
3243
In base 12, what is 56 - -4?
5a
In base 16, what is -210 + -2?
-212
In base 4, what is 12100 - 13?
12021
In base 5, what is 131 - 4?
122
In base 12, what is -175 + -2?
-177
In base 15, what is 5 - -17?
1c
In base 10, what is 50 - -7?
57
In base 12, what is -3 - 327a?
-3281
In base 8, what is -62 + 547?
465
In base 14, what is 44 + -1?
43
In base 14, what is -1d24 - 2?
-1d26
In base 15, what is -2 + -47a?
-47c
In base 13, what is -b8 + 1?
-b7
In base 15, what is -3 + 35?
32
In base 9, what is 28 + -107?
-68
In base 9, what is -124 - 11?
-135
In base 10, what is -341 + -5?
-346
In base 7, what is 2 + 1251?
1253
In base 6, what is -44 + -341?
-425
In base 11, what is -3a + -10?
-4a
In bas